What is the ten thousands digit of 88914?
8
What is the thousands digit of 41053?
1
What is the thousands digit of 98746?
8
What is the tens digit of 1084?
8
What is the tens digit of 23354?
5
What is the hundreds digit of 7759?
7
What is the units digit of 58828?
8
What is the hundreds digit of 2451?
4
What is the hundreds digit of 673?
6
What is the tens digit of 1683?
8
What is the thousands digit of 9441?
9
What is the units digit of 5313?
3
What is the hundreds digit of 22768?
7
What is the units digit of 27874?
4
What is the units digit of 8458?
8
What is the tens digit of 1257?
5
What is the hundreds digit of 241?
2
What is the units digit of 6829?
9
What is the hundreds digit of 11342?
3
What is the tens digit of 149230?
3
What is the thousands digit of 50589?
0
What is the units digit of 8800?
0
What is the units digit of 6043?
3
What is the units digit of 7253?
3
What is the units digit of 14619?
9
What is the hundreds digit of 38836?
8
What is the units digit of 2115?
5
What is the tens digit of 4621?
2
What is the hundreds digit of 160?
1
What is the tens digit of 2255?
5
What is the ten thousands digit of 11676?
1
What is the tens digit of 415?
1
What is the ten thousands digit of 42285?
4
What is the tens digit of 5818?
1
What is the thousands digit of 11212?
1
What is the units digit of 1854?
4
What is the thousands digit of 2491?
2
What is the tens digit of 825?
2
What is the tens digit of 43494?
9
What is the thousands digit of 28354?
8
What is the units digit of 928?
8
What is the units digit of 1026?
6
What is the tens digit of 3107?
0
What is the thousands digit of 7615?
7
What is the thousands digit of 49806?
9
What is the ten thousands digit of 20816?
2
What is the tens digit of 48249?
4
What is the units digit of 2514?
4
What is the hundreds digit of 1424?
4
What is the tens digit of 1418?
1
What is the thousands digit of 16605?
6
What is the tens digit of 1221?
2
What is the hundred thousands digit of 159930?
1
What is the thousands digit of 6360?
6
What is the tens digit of 17077?
7
What is the units digit of 5258?
8
What is the ten thousands digit of 173615?
7
What is the tens digit of 10083?
8
What is the tens digit of 12244?
4
What is the hundreds digit of 151600?
6
What is the ten thousands digit of 17184?
1
What is the ten thousands digit of 144707?
4
What is the thousands digit of 3047?
3
What is the tens digit of 26551?
5
What is the thousands digit of 45172?
5
What is the hundreds digit of 34277?
2
What is the hundreds digit of 5642?
6
What is the ten thousands digit of 153315?
5
What is the hundreds digit of 6101?
1
What is the thousands digit of 8587?
8
What is the hundreds digit of 1389?
3
What is the tens digit of 1807?
0
What is the ten thousands digit of 22279?
2
What is the tens digit of 3856?
5
What is the hundreds digit of 969?
9
What is the units digit of 26106?
6
What is the hundreds digit of 119?
1
What is the tens digit of 9703?
0
What is the thousands digit of 3130?
3
What is the tens digit of 203?
0
What is the units digit of 7326?
6
What is the thousands digit of 4768?
4
What is the tens digit of 987?
8
What is the tens digit of 2967?
6
What is the hundreds digit of 6923?
9
What is the hundreds digit of 6344?
3
What is the thousands digit of 8791?
8
What is the hundreds digit of 4973?
9
What is the tens digit of 6038?
3
What is the units digit of 12416?
6
What is the tens digit of 42177?
7
What is the hundreds digit of 3411?
4
What is the units digit of 1691?
1
What is the hundreds digit of 430?
4
What is the tens digit of 9927?
2
What is the thousands digit of 1933?
1
What is the hundreds digit of 4817?
8
What is the units digit of 4911?
1
What is the tens digit of 22549?
4
What is the tens digit of 9519?
1
What is the tens digit of 3440?
4
What is the units digit of 282?
2
What is the ten thousands digit of 43434?
4
What is the units digit of 494?
4
What is the units digit of 47244?
4
What is the thousands digit of 6849?
6
What is the hundreds digit of 1496?
4
What is the units digit of 64?
4
What is the hundreds digit of 205?
2
What is the tens digit of 7968?
6
What is the tens digit of 1993?
9
What is the ten thousands digit of 21840?
2
What is the hundreds digit of 4247?
2
What is the thousands digit of 24300?
4
What is the units digit of 530?
0
What is the thousands digit of 1818?
1
What is the tens digit of 175?
7
What is the units digit of 1046?
6
What is the units digit of 29891?
1
What is the tens digit of 491?
9
What is the units digit of 3385?
5
What is the units digit of 356?
6
What is the tens digit of 70?
7
What is the tens digit of 842?
4
What is the tens digit of 4520?
2
What is the thousands digit of 112442?
2
What is the tens digit of 32330?
3
What is the units digit of 1?
1
What is the tens digit of 35015?
1
What is the tens digit of 9220?
2
What is the thousands digit of 6444?
6
What is the tens digit of 965?
6
What is the ten thousands digit of 10533?
1
What is the tens digit of 77330?
3
What is the units digit of 863?
3
What is the tens digit of 15729?
2
What is the tens digit of 623?
2
What is the units digit of 8789?
9
What is the tens digit of 1147?
4
What is the units digit of 1317?
7
What is the tens digit of 78414?
1
What is the tens digit of 2392?
9
What is the units digit of 24116?
6
What is the units digit of 22515?
5
What is the hundreds digit of 4837?
8
What is the hundreds digit of 2624?
6
What is the units digit of 56754?
4
What is the thousands digit of 87002?
7
What is the units digit of 12973?
3
What is the hundreds digit of 479?
4
What is the hundreds digit of 6723?
7
What is the hundreds digit of 386?
3
What is the units digit of 1564?
4
What is the tens digit of 2707?
0
What is the thousands digit of 17790?
7
What is the tens digit of 60497?
9
What is the units digit of 103?
3
What is the hundreds digit of 482?
4
What is the hundreds digit of 1543?
5
What is the units digit of 1984?
4
What is the tens digit of 526?
2
What is the units digit of 9154?
4
What is the tens digit of 1039?
3
What is the hundreds digit of 379?
3
What is the thousands digit of 22269?
2
What is the tens digit of 945?
4
What is the tens digit of 99219?
1
What is the tens digit of 8940?
4
What is the ten thousands digit of 15729?
1
What is the thousands digit of 2392?
2
What is the ten thousands digit of 33739?
3
What is the units digit of 15690?
0
What is the thousands digit of 4763?
4
What is the tens digit of 52364?
6
What is the units digit of 1020?
0
What is the thousands digit of 80734?
0
What is the units digit of 32567?
7
What is the tens digit of 859?
5
What is the thousands digit of 35977?
5
What is the tens digit of 7177?
7
What is the units digit of 3160?
0
What is the thousands digit of 96162?
6
What is the tens digit of 2586?
8
What is the hundreds digit of 41303?
3
What is the tens digit of 10245?
4
What is the hundreds digit of 87374?
3
What is the hundreds digit of 65806?
8
What is the hundreds digit of 1328?
3
What is the hundreds digit of 155154?
1
What is the tens digit of 1373?
7
What is the hundreds digit of 96574?
5
What is the hundreds digit of 5195?
1
What is the tens digit of 9010?
1
What is the units digit of 103?
3
What is the units digit of 1362?
2
What is the units digit of 7582?
2
What is the hundreds digit of 2291?
2
What is the thousands digit of 3795?
3
What is the hundreds digit of 415?
4
What is the units digit of 74?
4
What is the units digit of 619?
9
What is the units digit of 4239?
9
What is the hundreds digit of 18894?
8
What is the thousands digit of 9199?
9
What is the units digit of 4400?
0
What is the units digit of 15905?
5
What is the hundreds digit of 2498?
4
What is the tens digit of 995?
9
What is the units digit of 12560?
0
What is the tens digit of 1829?
2
What is the thousands digit of 5523?
5
What is the hundreds digit of 68598?
5
What is the hundreds digit of 6022?
0
What is the hundreds digit of 37210?
2
What is the hundreds digit of 755?
7
What is the hundreds digit of 1567?
5
What is the hundreds digit of 10690?
6
What is the tens digit of 6795?
9
What is the hundreds digit of 801?
8
What is the units digit of 4931?
1
What is the tens digit of 1182?
8
What is the tens digit of 381?
8
What is the tens digit of 1779?
7
Wha